= 4*z - 5*u, 0*z + 3*z - 11 = -4*u. Let b(j) = -z*j + 4*j**3 + j + 5 - 6*j**2 - 3*j**3 - 2*j**3. What is b(i)?
0
Let l(u) = -u + 11. Let d be l(7). Let g(b) = b**2 - 2*b - 4. Let r be g(d). Let a(z) = -3 - z**2 + 4*z - r*z - z - 2*z. What is a(-3)?
-3
Let c = -32 + 36. Let u(s) = -s**2 + 4*s - 6. What is u(c)?
-6
Let w(g) = 15*g - 4*g - 5*g - 1 - 3*g. Determine w(3).
8
Suppose 5 = -5*z + 25. Let o(c) = c**3 - 6*c**2 + 5*c + 4. What is o(z)?
-8
Suppose h - 4*h = -15. Suppose h*q = q + 20. Suppose q*f + 0*f - 5 = 0. Let r(b) = -4*b + 1. Calculate r(f).
-3
Let r(d) be the second derivative of d**8/6720 - d**7/1260 - d**5/120 - d**4/4 + 2*d. Let m(z) be the third derivative of r(z). Calculate m(3).
8
Let p = 27 - 22. Let w(h) be the second derivative of 0 + 1/6*h**3 + h - p*h**2. Determine w(5).
-5
Suppose -b + 3 = 1. Let d = 2 - b. Let p(l) be the second derivative of -l**5/20 - l**4/12 - l**2/2 + l. What is p(d)?
-1
Let o(c) = 3*c**2 - 2*c. Suppose -4*s + 4 = -5*s. Let z(a) = -3*a**2 + 3*a. Let y(r) = s*z(r) - 6*o(r). Give y(1).
-6
Let n(w) be the first derivative of w**4/12 - w**3/6 - w**2 - 2*w - 8. Let j(z) be the first derivative of n(z). Give j(-3).
10
Let z(s) be the third derivative of -1/6*s**3 + 0*s - 1/120*s**6 + 1/30*s**5 + 0 + 0*s**4 - s**2. Calculate z(2).
-1
Let m(t) = 2*t**3 + 2*t**2 + 5*t + 4. Let h(z) = z**3 + 2*z**2 + 4*z + 4. Let k(q) = -3*h(q) + 2*m(q). Let n be 2/((24/(-9))/(-4)). What is k(n)?
-1
Let d(j) = j**2 + 6*j. Let r be (-10)/(-4 - (-3 - -1)). Suppose 2*v = -v + 6. Suppose -r*p - v = 23. Give d(p).
-5
Suppose 22 = -12*i + 10. Let j(q) = 1 + 4*q - 3*q + 0. What is j(i)?
0
Suppose -4*n = z + 3*z - 36, 2*z + 3*n - 20 = 0. Let f(d) = -d**2 + 6*d - 6. Determine f(z).
-13
Let u(p) = -4 + p**2 - p + 1 + 4 - 2. Let s(t) = -t**3 - 2*t**2 + 2*t + 3. Let q(a) = -s(a) - 2*u(a). Determine q(1).
0
Let g be -10*(-1)/3*12/8. Let c(n) be the second derivative of n**5/20 - n**4/2 + 2*n**3/3 + n**2/2 - n. Determine c(g).
-4
Suppose -5*v - 26 = -u, -5*u + 5*v - 2*v = -42. Let d(f) = -3 - 2*f**2 + f**2 + u*f + 0*f**2. What is d(2)?
5
Let t(h) be the third derivative of h**6/120 - h**5/60 + h**4/24 - h**3/6 + 28*h**2. Calculate t(1).
0
Let s(u) = 2*u - 1. Let l = 41 - 44. Determine s(l).
-7
Let q(r) be the first derivative of r**6/360 + 7*r**5/120 + r**4/4 - 2*r**3/3 + 2. Let x(s) be the third derivative of q(s). Calculate x(-5).
-4
Let l(y) = y**2 - 5*y - 1. Let o(r) = 3*r**2 - 10*r - 2. Let d(j) = -5*l(j) + 2*o(j). What is d(-5)?
1
Let q be (-80)/14 - 26/91. Let y(h) = h**2 + 8*h - 1. Give y(q).
-13
Let i = 8 + -4. Let l = 1 - i. Let b be (-10)/(-15) - (-17)/l. Let s(c) = c - 6. Determine s(b).
-11
Let j(b) be the second derivative of 0 + 3*b + 0*b**2 - 2/3*b**3 + 1/12*b**4. What is j(5)?
5
Let i = 8 - 3. Let z(o) = -o**2 + 3*o + 3. Let g be z(2). Let k(w) = -g*w**2 - 10*w**3 + 12*w**3 - w - w**3 + 1. Determine k(i).
-4
Suppose i = -4*v + 6*i + 25, i + 5 = v. Let b(c) be the third derivative of 2*c**2 + v + 0*c + 1/6*c**3 + 1/24*c**4. Calculate b(5).
6
Let p(y) = -47*y**2 + 9*y - 14. Let r(g) = -24*g**2 + 5*g - 8. Let u(z) = -4*p(z) + 7*r(z). Calculate u(1).
19
Let h(k) = -k**2 - 3*k - 4. Let b(g) = -g**2 + 2*g + 4. Let p be b(3). Suppose -f + p = -1. Let q(w) = -w**3 + 2*w + 1. Let n be q(f). Determine h(n).
-4
Let a(c) = 6*c**2 + c + 2. Let y(f) = 5*f**2 + 1. Let q(b) = -2*a(b) + 3*y(b). Suppose 25 = -4*d + 21. Determine q(d).
4
Let d(c) = -c**3 - 6*c**2 + 2*c - 3. Suppose -5*g + v - 25 - 2 = 0, -4*g = -3*v + 15. Calculate d(g).
-15
Let o = -39 + 39. Let a(x) = x + 2. Give a(o).
2
Suppose 2*f = 11*f. Let j(b) be the second derivative of f + 1/2*b**2 + b + 1/6*b**3. Determine j(-4).
-3
Suppose -3*l + 1 = 7. Let a(c) = -3*c**2 - 2*c. Calculate a(l).
-8
Let j(x) = x**2. Let b(v) be the third derivative of v**4/24 + 2*v**2. Let w be b(6). Let q be (-4)/(-6)*(w + -3). What is j(q)?
4
Let y(x) = x**2 - 1 - 14*x + 11*x + 0 + 2*x. What is y(3)?
5
Let v(f) be the third derivative of -f**5/60 - 2*f**3/3 - 3*f**2. Let k(s) be the first derivative of v(s). Determine k(-2).
4
Let c(x) = 2*x - 3. Suppose -2 = d - 4. Let j be c(d). Let f(r) = r + 3. Let a(v) = -3*v - 13. Let g(p) = 2*a(p) + 9*f(p). Calculate g(j).
4
Let b be -2 - (-13 + (-4)/(-2)). Suppose 4*q = -1 + b. Let h(g) = g**q - 4 - 7 + g + 4. Calculate h(0).
-7
Let d be (-1 - -2)*-1*-3. Suppose 0*r + 3 = d*r. Let o(p) = 16*p**2 + p - 1. Calculate o(r).
16
Let n(u) = -u**2 + 8*u - 3. Let a be n(7). Suppose 0 = -f + a + 1. Let h(p) = -p**2 + 7*p - 3. What is h(f)?
7
Let u(j) = 5*j - 1. Let k = -3 - -5. Let l be k - (-1 - -1)/(-3). Calculate u(l).
9
Let y(n) = -n**3 - 8. Let p(o) = o + 3. Suppose 0 = -3*w - 8 - 1. Let r be p(w). Calculate y(r).
-8
Suppose 4*l - 1 - 3 = 0. Let c(y) = -2 + 2*y - 3 + 4 + 8*y**2. Calculate c(l).
9
Let m(i) = -1. Let d(o) = o**3 + 4*o**2 - 8. Let j(p) = d(p) - 3*m(p). Let x = 1 - 5. Give j(x).
-5
Let l(u) = 5*u + 1. Let w be (-19)/7 + -6 + 160/28. Determine l(w).
-14
Let t be (-2 - -3)*(6 + -6). Let p(a) = -1 - 5*a - 2*a + 0*a + t*a. What is p(-1)?
6
Let p(r) be the second derivative of -r**5/20 + 2*r**2 - 6*r. Suppose -7*w = -4*w. Give p(w).
4
Let k(z) = -z**3 - 6*z**2 - 3*z - 4. Let s be (-16)/3 - (-16)/48. Determine k(s).
-14
Let m(a) = -52*a**3 - 1 + 9*a**2 - 8 + 51*a**3. What is m(9)?
-9
Let w(l) = 6*l**2 - 3*l + 2. Let t be w(1). Let y(s) be the second derivative of 0 + 1/20*s**t - 1/12*s**4 + s + 0*s**2 + 0*s**3. What is y(0)?
0
Let m(l) = 2*l**2 + 18*l - 22. Let x be m(-10). Let v(h) = -3*h**3 - 4*h**2 - 4*h - 3. Give v(x).
13
Let r = -29 + 41. Let z be (-45)/(-6)*r/(-15). Let v(g) = g**3 + 7*g**2 + 6*g + 6. Give v(z).
6
Let g(p) = p + 2. Let a(z) = -1. Let f(b) = 2*a(b) + g(b). Calculate f(-4).
-4
Suppose -3 = -4*c + c. Suppose 3*k - 10 = 2*x, 4*x + c = k + 11. Let y(r) = -r - 4*r - 6*r**2 + k*r. Determine y(1).
-5
Let x(v) = 6*v - 4. Let j(z) = -23*z + 15. Let y(t) = 6*j(t) + 22*x(t). Calculate y(2).
-10
Let m(i) = 10*i + 1. Let p(z) = -3*z**2 - z. Let b be p(-1). Calculate m(b).
-19
Suppose 0 = -5*a - 3*z + 23, 0 = a + 6*z - 3*z - 7. Let k(f) = f**3 - 5*f**2 + 1. Give k(a).
-15
Let b(n) = -n**2 - 6*n + 3. Let q be (2/1 + -17)/(-1). Let h be (-1)/3*1*q. Determine b(h).
8
Let m(f) = f. Let z(s) = 7. Let u(t) = m(t) + z(t). Calculate u(5).
12
Let r be 3 + 1/(-1) - -18. Let m = r + -25. Let w(q) = q**3 + 5*q**2 - 2*q - 5. Give w(m).
5
Let p(j) = -3*j**2 - 2*j + 4. Let q(u) = -u**2 + 1. Let z(y) = -p(y) + 2*q(y). Let o be (-2 - (-2 - -1)) + -3. What is z(o)?
6
Let z(b) be the second derivative of b**5/20 + b**4/2 + 7*b**3/6 + 7*b**2/2 + 2*b. Suppose -8 = -3*l - 23. What is z(l)?
-3
Suppose 5*f + 1 = 6. Let y(g) = 17*g**3 + g**2. Calculate y(f).
18
Let x(n) = 3*n + 2. Let s(v) = -4*v - 1. Let g(t) = -5*s(t) - 6*x(t). Determine g(6).
5
Let k(s) = 2*s**2 - 5*s - 4. Let i(n) = -9*n + 7. Let y be i(6). Let r = -31 - y. Suppose -3*b = -7*b + r. Give k(b).
8
Let f(j) = -6*j - 3. Suppose 0 = -r + 3*r. Let w = -2 + r. Calculate f(w).
9
Let u(q) = -2*q - 1. Let j = -19 + 14. Determine u(j).
9
Let m(n) = n**3 + n**2 - 6*n + 4. Let w(h) = -h**3 - 3*h**2 + 11*h - 7. Let p(a) = 5*m(a) + 3*w(a). Suppose -3*q + 7*q = 4. Let r be 1 + q/2*2. Calculate p(r).
5
Let x(n) = -3*n**3 - 6*n**2 + 4*n - 1. Let m(v) = 16*v**3 + 31*v**2 - 20*v + 5. Let k(w) = 2*w - 6. Let c be k(4). Let f(z) = c*m(z) + 11*x(z). Determine f(-5).
4
Let p(r) be the third derivative of -r**7/840 - r**6/360 + r**4/8 - r**3/6 + r**2. Let v(a) be the first derivative of p(a). Suppose m = -3*m. Calculate v(m).
3
Let p(o) be the second derivative of 0 + 0*o**2 - 1/360*o**6 - o - 1/24*o**5 + 0*o**4 - 1/3*o**3. Let w(u) be the second derivative of p(u). What is w(-5)?
0
Suppose -a = 2*a - 3. Let d(p) = -8*p + 3*p**2 + 3*p**2 - a + 4*p - p**3. Give d(5).
4
Let i(s) = s**2 - 6*s + 6. Let w be i(6). Let j(g) = g**2 + 0*g + g - 2 - w*g - 2*g. What is j(7)?
-2
Suppose 7*j - 33 = -4*j. Let d(q) = -q**3 + q**2 + q. Determine d(j).
-15
Let w(u) = 3*u**3 + u**2 + u + 2. Let p be w(-2). Let v be p/6 + 1/3. Let q(d) = -d**3 - 4*d**2 - 3*d + 3. What is q(v)?
3
Let h(u) = -u**3 + 4*u**2 + 4*u + 7. Let f be h(5). Suppose 1 = -f*s + 9. Suppose 5*b = -2*n + 4, -n + s = b + 2. Let p(t) = 3*t. Determine p(n).
6
Let t(l) = -l*